{"id":216,"date":"2019-09-26T09:30:49","date_gmt":"2019-09-26T09:30:49","guid":{"rendered":"http:\/\/wordpress.templatemela.com\/woo\/WCM05\/WCM050116\/elementor\/?page_id=216"},"modified":"2024-10-16T12:03:49","modified_gmt":"2024-10-16T18:03:49","slug":"about-us","status":"publish","type":"page","link":"https:\/\/cenezzia.com\/?page_id=216","title":{"rendered":"Sobre nosotros"},"content":{"rendered":"\t\t<div data-elementor-type=\"wp-page\" data-elementor-id=\"216\" class=\"elementor elementor-216\">\n\t\t\t\t\t\t<section class=\"elementor-section elementor-top-section elementor-element elementor-element-03eeb22 elementor-section-boxed elementor-section-height-default elementor-section-height-default\" data-id=\"03eeb22\" data-element_type=\"section\" data-e-type=\"section\">\n\t\t\t\t\t\t<div class=\"elementor-container elementor-column-gap-default\">\n\t\t\t\t\t<div class=\"elementor-column elementor-col-100 elementor-top-column elementor-element elementor-element-8a11ce6\" data-id=\"8a11ce6\" data-element_type=\"column\" data-e-type=\"column\">\n\t\t\t<div class=\"elementor-widget-wrap elementor-element-populated\">\n\t\t\t\t\t\t<div class=\"elementor-element elementor-element-f218542 tm-title elementor-widget elementor-widget-heading\" data-id=\"f218542\" data-element_type=\"widget\" data-e-type=\"widget\" data-widget_type=\"heading.default\">\n\t\t\t\t<div class=\"elementor-widget-container\">\n\t\t\t\t\t<h2 class=\"elementor-heading-title elementor-size-default\">\u00bfQui\u00e9nes somos?<\/h2>\t\t\t\t<\/div>\n\t\t\t\t<\/div>\n\t\t\t\t\t<\/div>\n\t\t<\/div>\n\t\t\t\t\t<\/div>\n\t\t<\/section>\n\t\t\t\t<section class=\"elementor-section elementor-top-section elementor-element elementor-element-5e5fd89 elementor-section-boxed elementor-section-height-default elementor-section-height-default\" data-id=\"5e5fd89\" data-element_type=\"section\" data-e-type=\"section\">\n\t\t\t\t\t\t<div class=\"elementor-container elementor-column-gap-default\">\n\t\t\t\t\t<div class=\"elementor-column elementor-col-66 elementor-top-column elementor-element elementor-element-3d9ed80\" data-id=\"3d9ed80\" data-element_type=\"column\" data-e-type=\"column\">\n\t\t\t<div class=\"elementor-widget-wrap elementor-element-populated\">\n\t\t\t\t\t\t<div class=\"elementor-element elementor-element-ce01565 elementor-widget elementor-widget-image\" data-id=\"ce01565\" data-element_type=\"widget\" data-e-type=\"widget\" data-widget_type=\"image.default\">\n\t\t\t\t<div class=\"elementor-widget-container\">\n\t\t\t\t\t\t\t\t\t\t\t\t\t\t\t<img fetchpriority=\"high\" decoding=\"async\" width=\"895\" height=\"895\" src=\"https:\/\/cenezzia.com\/wp-content\/uploads\/2022\/07\/logooooooooooo-1024x1024.jpg\" class=\"attachment-large size-large wp-image-19133\" alt=\"\" srcset=\"https:\/\/cenezzia.com\/wp-content\/uploads\/2022\/07\/logooooooooooo.jpg 1024w, https:\/\/cenezzia.com\/wp-content\/uploads\/2022\/07\/logooooooooooo-300x300.jpg 300w, https:\/\/cenezzia.com\/wp-content\/uploads\/2022\/07\/logooooooooooo-150x150.jpg 150w, https:\/\/cenezzia.com\/wp-content\/uploads\/2022\/07\/logooooooooooo-768x768.jpg 768w, https:\/\/cenezzia.com\/wp-content\/uploads\/2022\/07\/logooooooooooo-145x145.jpg 145w, https:\/\/cenezzia.com\/wp-content\/uploads\/2022\/07\/logooooooooooo-50x50.jpg 50w, https:\/\/cenezzia.com\/wp-content\/uploads\/2022\/07\/logooooooooooo-600x600.jpg 600w, https:\/\/cenezzia.com\/wp-content\/uploads\/2022\/07\/logooooooooooo-100x100.jpg 100w\" sizes=\"(max-width: 895px) 100vw, 895px\" \/>\t\t\t\t\t\t\t\t\t\t\t\t\t\t\t<\/div>\n\t\t\t\t<\/div>\n\t\t\t\t\t<\/div>\n\t\t<\/div>\n\t\t\t\t<div class=\"elementor-column elementor-col-33 elementor-top-column elementor-element elementor-element-9298bf2\" data-id=\"9298bf2\" data-element_type=\"column\" data-e-type=\"column\">\n\t\t\t<div class=\"elementor-widget-wrap elementor-element-populated\">\n\t\t\t\t\t\t<div class=\"elementor-element elementor-element-7df3958 elementor-widget elementor-widget-text-editor\" data-id=\"7df3958\" data-element_type=\"widget\" data-e-type=\"widget\" data-widget_type=\"text-editor.default\">\n\t\t\t\t<div class=\"elementor-widget-container\">\n\t\t\t\t\t\t\t\t\t<p>\u00a0<\/p><p>CENEZZIA es una empresa 100% Mexicana constituida desde hace m\u00e1s de 15 a\u00f1os teniendo su corporativo en el Estado de M\u00e9xico, siendo una empresa totalmente importadora y comercializadora a nivel Nacional e Internacional contando con un equipo de colaboradores expertos en diferentes \u00e1reas que nos permiten brindar un servicio integral para nuestros Socios Comerciales. Hoy en d\u00eda CENEZZIA se encuentra presente en m\u00e1s de 800 puntos de venta a nivel nacional con los principales distribuidores de pisos, azulejos y acabados para la construcci\u00f3n. Siendo la empresa numero uno en distribuci\u00f3n de Mallas con diferentes acabados y estilos que marcan la diferencia en el mercado, siempre innovando y tomando las tendencias del mercado internacional, los principales pa\u00edses con los que tenemos alianzas estrat\u00e9gicas son: Espa\u00f1a y China<\/p>\t\t\t\t\t\t\t\t<\/div>\n\t\t\t\t<\/div>\n\t\t\t\t\t<\/div>\n\t\t<\/div>\n\t\t\t\t\t<\/div>\n\t\t<\/section>\n\t\t\t\t<section class=\"elementor-section elementor-top-section elementor-element elementor-element-622fa66 elementor-section-boxed elementor-section-height-default elementor-section-height-default\" data-id=\"622fa66\" data-element_type=\"section\" data-e-type=\"section\">\n\t\t\t\t\t\t<div class=\"elementor-container elementor-column-gap-default\">\n\t\t\t\t\t<div class=\"elementor-column elementor-col-100 elementor-top-column elementor-element elementor-element-9243914\" data-id=\"9243914\" data-element_type=\"column\" data-e-type=\"column\">\n\t\t\t<div class=\"elementor-widget-wrap elementor-element-populated\">\n\t\t\t\t\t\t<div class=\"elementor-element elementor-element-f6a63c1 tm-title elementor-widget elementor-widget-heading\" data-id=\"f6a63c1\" data-element_type=\"widget\" data-e-type=\"widget\" data-widget_type=\"heading.default\">\n\t\t\t\t<div class=\"elementor-widget-container\">\n\t\t\t\t\t<h2 class=\"elementor-heading-title elementor-size-default\">\u00a1Estamos en toda la republica!<\/h2>\t\t\t\t<\/div>\n\t\t\t\t<\/div>\n\t\t\t\t\t<\/div>\n\t\t<\/div>\n\t\t\t\t\t<\/div>\n\t\t<\/section>\n\t\t\t\t<section class=\"elementor-section elementor-top-section elementor-element elementor-element-00bebac elementor-section-boxed elementor-section-height-default elementor-section-height-default\" data-id=\"00bebac\" data-element_type=\"section\" data-e-type=\"section\">\n\t\t\t\t\t\t<div class=\"elementor-container elementor-column-gap-default\">\n\t\t\t\t\t<div class=\"elementor-column elementor-col-50 elementor-top-column elementor-element elementor-element-faf599e\" data-id=\"faf599e\" data-element_type=\"column\" data-e-type=\"column\">\n\t\t\t<div class=\"elementor-widget-wrap elementor-element-populated\">\n\t\t\t\t\t\t<div class=\"elementor-element elementor-element-b0d059c elementor-widget elementor-widget-image\" data-id=\"b0d059c\" data-element_type=\"widget\" data-e-type=\"widget\" data-widget_type=\"image.default\">\n\t\t\t\t<div class=\"elementor-widget-container\">\n\t\t\t\t\t\t\t\t\t\t\t\t\t\t\t<img decoding=\"async\" width=\"895\" height=\"895\" src=\"https:\/\/cenezzia.com\/wp-content\/uploads\/2022\/09\/ampita-1-1024x1024.jpg\" class=\"attachment-large size-large wp-image-19383\" alt=\"\" srcset=\"https:\/\/cenezzia.com\/wp-content\/uploads\/2022\/09\/ampita-1.jpg 1024w, https:\/\/cenezzia.com\/wp-content\/uploads\/2022\/09\/ampita-1-300x300.jpg 300w, https:\/\/cenezzia.com\/wp-content\/uploads\/2022\/09\/ampita-1-150x150.jpg 150w, https:\/\/cenezzia.com\/wp-content\/uploads\/2022\/09\/ampita-1-768x768.jpg 768w, https:\/\/cenezzia.com\/wp-content\/uploads\/2022\/09\/ampita-1-145x145.jpg 145w, https:\/\/cenezzia.com\/wp-content\/uploads\/2022\/09\/ampita-1-50x50.jpg 50w, https:\/\/cenezzia.com\/wp-content\/uploads\/2022\/09\/ampita-1-600x600.jpg 600w, https:\/\/cenezzia.com\/wp-content\/uploads\/2022\/09\/ampita-1-100x100.jpg 100w\" sizes=\"(max-width: 895px) 100vw, 895px\" \/>\t\t\t\t\t\t\t\t\t\t\t\t\t\t\t<\/div>\n\t\t\t\t<\/div>\n\t\t\t\t\t<\/div>\n\t\t<\/div>\n\t\t\t\t<div class=\"elementor-column elementor-col-50 elementor-top-column elementor-element elementor-element-a01b327\" data-id=\"a01b327\" data-element_type=\"column\" data-e-type=\"column\">\n\t\t\t<div class=\"elementor-widget-wrap elementor-element-populated\">\n\t\t\t\t\t\t<div class=\"elementor-element elementor-element-53775da elementor-widget elementor-widget-image\" data-id=\"53775da\" data-element_type=\"widget\" data-e-type=\"widget\" data-widget_type=\"image.default\">\n\t\t\t\t<div class=\"elementor-widget-container\">\n\t\t\t\t\t\t\t\t\t\t\t\t\t\t\t<img decoding=\"async\" width=\"895\" height=\"895\" src=\"https:\/\/cenezzia.com\/wp-content\/uploads\/2024\/10\/mapita-con-texto-.jpg\" class=\"attachment-large size-large wp-image-19683\" alt=\"\" srcset=\"https:\/\/cenezzia.com\/wp-content\/uploads\/2024\/10\/mapita-con-texto-.jpg 1024w, https:\/\/cenezzia.com\/wp-content\/uploads\/2024\/10\/mapita-con-texto--300x300.jpg 300w, https:\/\/cenezzia.com\/wp-content\/uploads\/2024\/10\/mapita-con-texto--150x150.jpg 150w, https:\/\/cenezzia.com\/wp-content\/uploads\/2024\/10\/mapita-con-texto--768x768.jpg 768w, https:\/\/cenezzia.com\/wp-content\/uploads\/2024\/10\/mapita-con-texto--145x145.jpg 145w, https:\/\/cenezzia.com\/wp-content\/uploads\/2024\/10\/mapita-con-texto--50x50.jpg 50w, https:\/\/cenezzia.com\/wp-content\/uploads\/2024\/10\/mapita-con-texto--600x600.jpg 600w, https:\/\/cenezzia.com\/wp-content\/uploads\/2024\/10\/mapita-con-texto--100x100.jpg 100w\" sizes=\"(max-width: 895px) 100vw, 895px\" \/>\t\t\t\t\t\t\t\t\t\t\t\t\t\t\t<\/div>\n\t\t\t\t<\/div>\n\t\t\t\t\t<\/div>\n\t\t<\/div>\n\t\t\t\t\t<\/div>\n\t\t<\/section>\n\t\t\t\t<\/div>\n\t\t","protected":false},"excerpt":{"rendered":"<p>\u00bfQui\u00e9nes somos? \u00a0 CENEZZIA es una empresa 100% Mexicana constituida desde hace m\u00e1s de 15 a\u00f1os teniendo su corporativo en el Estado de M\u00e9xico, siendo una empresa totalmente importadora y comercializadora a nivel Nacional e Internacional contando con un equipo de colaboradores expertos en diferentes \u00e1reas que nos permiten brindar un servicio integral para nuestros [&hellip;]<\/p>\n","protected":false},"author":1,"featured_media":0,"parent":0,"menu_order":0,"comment_status":"closed","ping_status":"closed","template":"","meta":{"footnotes":""},"class_list":["post-216","page","type-page","status-publish","hentry"],"yoast_head":"<!-- This site is optimized with the Yoast SEO plugin v27.5 - https:\/\/yoast.com\/product\/yoast-seo-wordpress\/ -->\n<title>Sobre nosotros - Cenezzia - Innovaci\u00f3n y Dise\u00f1o<\/title>\n<meta name=\"robots\" content=\"index, follow, max-snippet:-1, max-image-preview:large, max-video-preview:-1\" \/>\n<link rel=\"canonical\" href=\"https:\/\/cenezzia.com\/?page_id=216\" \/>\n<meta property=\"og:locale\" content=\"es_ES\" \/>\n<meta property=\"og:type\" content=\"article\" \/>\n<meta property=\"og:title\" content=\"Sobre nosotros - Cenezzia - Innovaci\u00f3n y Dise\u00f1o\" \/>\n<meta property=\"og:description\" content=\"\u00bfQui\u00e9nes somos? \u00a0 CENEZZIA es una empresa 100% Mexicana constituida desde hace m\u00e1s de 15 a\u00f1os teniendo su corporativo en el Estado de M\u00e9xico, siendo una empresa totalmente importadora y comercializadora a nivel Nacional e Internacional contando con un equipo de colaboradores expertos en diferentes \u00e1reas que nos permiten brindar un servicio integral para nuestros [&hellip;]\" \/>\n<meta property=\"og:url\" content=\"https:\/\/cenezzia.com\/?page_id=216\" \/>\n<meta property=\"og:site_name\" content=\"Cenezzia - Innovaci\u00f3n y Dise\u00f1o\" \/>\n<meta property=\"article:modified_time\" content=\"2024-10-16T18:03:49+00:00\" \/>\n<meta property=\"og:image\" content=\"https:\/\/cenezzia.com\/wp-content\/uploads\/2022\/07\/logooooooooooo.jpg\" \/>\n\t<meta property=\"og:image:width\" content=\"1024\" \/>\n\t<meta property=\"og:image:height\" content=\"1024\" \/>\n\t<meta property=\"og:image:type\" content=\"image\/jpeg\" \/>\n<meta name=\"twitter:card\" content=\"summary_large_image\" \/>\n<meta name=\"twitter:label1\" content=\"Tiempo de lectura\" \/>\n\t<meta name=\"twitter:data1\" content=\"2 minutos\" \/>\n<script type=\"application\/ld+json\" class=\"yoast-schema-graph\">{\"@context\":\"https:\\\/\\\/schema.org\",\"@graph\":[{\"@type\":\"WebPage\",\"@id\":\"https:\\\/\\\/cenezzia.com\\\/?page_id=216\",\"url\":\"https:\\\/\\\/cenezzia.com\\\/?page_id=216\",\"name\":\"Sobre nosotros - Cenezzia - Innovaci\u00f3n y Dise\u00f1o\",\"isPartOf\":{\"@id\":\"https:\\\/\\\/cenezzia.com\\\/#website\"},\"primaryImageOfPage\":{\"@id\":\"https:\\\/\\\/cenezzia.com\\\/?page_id=216#primaryimage\"},\"image\":{\"@id\":\"https:\\\/\\\/cenezzia.com\\\/?page_id=216#primaryimage\"},\"thumbnailUrl\":\"https:\\\/\\\/cenezzia.com\\\/wp-content\\\/uploads\\\/2022\\\/07\\\/logooooooooooo-1024x1024.jpg\",\"datePublished\":\"2019-09-26T09:30:49+00:00\",\"dateModified\":\"2024-10-16T18:03:49+00:00\",\"breadcrumb\":{\"@id\":\"https:\\\/\\\/cenezzia.com\\\/?page_id=216#breadcrumb\"},\"inLanguage\":\"es\",\"potentialAction\":[{\"@type\":\"ReadAction\",\"target\":[\"https:\\\/\\\/cenezzia.com\\\/?page_id=216\"]}]},{\"@type\":\"ImageObject\",\"inLanguage\":\"es\",\"@id\":\"https:\\\/\\\/cenezzia.com\\\/?page_id=216#primaryimage\",\"url\":\"https:\\\/\\\/cenezzia.com\\\/wp-content\\\/uploads\\\/2022\\\/07\\\/logooooooooooo.jpg\",\"contentUrl\":\"https:\\\/\\\/cenezzia.com\\\/wp-content\\\/uploads\\\/2022\\\/07\\\/logooooooooooo.jpg\",\"width\":1024,\"height\":1024},{\"@type\":\"BreadcrumbList\",\"@id\":\"https:\\\/\\\/cenezzia.com\\\/?page_id=216#breadcrumb\",\"itemListElement\":[{\"@type\":\"ListItem\",\"position\":1,\"name\":\"Home\",\"item\":\"https:\\\/\\\/cenezzia.com\\\/\"},{\"@type\":\"ListItem\",\"position\":2,\"name\":\"Sobre nosotros\"}]},{\"@type\":\"WebSite\",\"@id\":\"https:\\\/\\\/cenezzia.com\\\/#website\",\"url\":\"https:\\\/\\\/cenezzia.com\\\/\",\"name\":\"Cenezzia - Innovaci\u00f3n y Dise\u00f1o\",\"description\":\"DECORADOS QUE PROYECTAN ELEGANCIA Y DISTINCI\u00d3N\",\"potentialAction\":[{\"@type\":\"SearchAction\",\"target\":{\"@type\":\"EntryPoint\",\"urlTemplate\":\"https:\\\/\\\/cenezzia.com\\\/?s={search_term_string}\"},\"query-input\":{\"@type\":\"PropertyValueSpecification\",\"valueRequired\":true,\"valueName\":\"search_term_string\"}}],\"inLanguage\":\"es\"}]}<\/script>\n<!-- \/ Yoast SEO plugin. -->","yoast_head_json":{"title":"Sobre nosotros - Cenezzia - Innovaci\u00f3n y Dise\u00f1o","robots":{"index":"index","follow":"follow","max-snippet":"max-snippet:-1","max-image-preview":"max-image-preview:large","max-video-preview":"max-video-preview:-1"},"canonical":"https:\/\/cenezzia.com\/?page_id=216","og_locale":"es_ES","og_type":"article","og_title":"Sobre nosotros - Cenezzia - Innovaci\u00f3n y Dise\u00f1o","og_description":"\u00bfQui\u00e9nes somos? \u00a0 CENEZZIA es una empresa 100% Mexicana constituida desde hace m\u00e1s de 15 a\u00f1os teniendo su corporativo en el Estado de M\u00e9xico, siendo una empresa totalmente importadora y comercializadora a nivel Nacional e Internacional contando con un equipo de colaboradores expertos en diferentes \u00e1reas que nos permiten brindar un servicio integral para nuestros [&hellip;]","og_url":"https:\/\/cenezzia.com\/?page_id=216","og_site_name":"Cenezzia - Innovaci\u00f3n y Dise\u00f1o","article_modified_time":"2024-10-16T18:03:49+00:00","og_image":[{"width":1024,"height":1024,"url":"https:\/\/cenezzia.com\/wp-content\/uploads\/2022\/07\/logooooooooooo.jpg","type":"image\/jpeg"}],"twitter_card":"summary_large_image","twitter_misc":{"Tiempo de lectura":"2 minutos"},"schema":{"@context":"https:\/\/schema.org","@graph":[{"@type":"WebPage","@id":"https:\/\/cenezzia.com\/?page_id=216","url":"https:\/\/cenezzia.com\/?page_id=216","name":"Sobre nosotros - Cenezzia - Innovaci\u00f3n y Dise\u00f1o","isPartOf":{"@id":"https:\/\/cenezzia.com\/#website"},"primaryImageOfPage":{"@id":"https:\/\/cenezzia.com\/?page_id=216#primaryimage"},"image":{"@id":"https:\/\/cenezzia.com\/?page_id=216#primaryimage"},"thumbnailUrl":"https:\/\/cenezzia.com\/wp-content\/uploads\/2022\/07\/logooooooooooo-1024x1024.jpg","datePublished":"2019-09-26T09:30:49+00:00","dateModified":"2024-10-16T18:03:49+00:00","breadcrumb":{"@id":"https:\/\/cenezzia.com\/?page_id=216#breadcrumb"},"inLanguage":"es","potentialAction":[{"@type":"ReadAction","target":["https:\/\/cenezzia.com\/?page_id=216"]}]},{"@type":"ImageObject","inLanguage":"es","@id":"https:\/\/cenezzia.com\/?page_id=216#primaryimage","url":"https:\/\/cenezzia.com\/wp-content\/uploads\/2022\/07\/logooooooooooo.jpg","contentUrl":"https:\/\/cenezzia.com\/wp-content\/uploads\/2022\/07\/logooooooooooo.jpg","width":1024,"height":1024},{"@type":"BreadcrumbList","@id":"https:\/\/cenezzia.com\/?page_id=216#breadcrumb","itemListElement":[{"@type":"ListItem","position":1,"name":"Home","item":"https:\/\/cenezzia.com\/"},{"@type":"ListItem","position":2,"name":"Sobre nosotros"}]},{"@type":"WebSite","@id":"https:\/\/cenezzia.com\/#website","url":"https:\/\/cenezzia.com\/","name":"Cenezzia - Innovaci\u00f3n y Dise\u00f1o","description":"DECORADOS QUE PROYECTAN ELEGANCIA Y DISTINCI\u00d3N","potentialAction":[{"@type":"SearchAction","target":{"@type":"EntryPoint","urlTemplate":"https:\/\/cenezzia.com\/?s={search_term_string}"},"query-input":{"@type":"PropertyValueSpecification","valueRequired":true,"valueName":"search_term_string"}}],"inLanguage":"es"}]}},"jetpack_sharing_enabled":true,"_links":{"self":[{"href":"https:\/\/cenezzia.com\/index.php?rest_route=\/wp\/v2\/pages\/216","targetHints":{"allow":["GET"]}}],"collection":[{"href":"https:\/\/cenezzia.com\/index.php?rest_route=\/wp\/v2\/pages"}],"about":[{"href":"https:\/\/cenezzia.com\/index.php?rest_route=\/wp\/v2\/types\/page"}],"author":[{"embeddable":true,"href":"https:\/\/cenezzia.com\/index.php?rest_route=\/wp\/v2\/users\/1"}],"replies":[{"embeddable":true,"href":"https:\/\/cenezzia.com\/index.php?rest_route=%2Fwp%2Fv2%2Fcomments&post=216"}],"version-history":[{"count":79,"href":"https:\/\/cenezzia.com\/index.php?rest_route=\/wp\/v2\/pages\/216\/revisions"}],"predecessor-version":[{"id":19686,"href":"https:\/\/cenezzia.com\/index.php?rest_route=\/wp\/v2\/pages\/216\/revisions\/19686"}],"wp:attachment":[{"href":"https:\/\/cenezzia.com\/index.php?rest_route=%2Fwp%2Fv2%2Fmedia&parent=216"}],"curies":[{"name":"wp","href":"https:\/\/api.w.org\/{rel}","templated":true}]}}